{"id":31,"date":"2021-02-15T11:39:57","date_gmt":"2021-02-15T11:39:57","guid":{"rendered":"http:\/\/www.cafeberuska.online\/?page_id=31"},"modified":"2022-11-06T11:45:28","modified_gmt":"2022-11-06T11:45:28","slug":"o-nas","status":"publish","type":"page","link":"https:\/\/www.cafeberuska.cz\/index.php\/o-nas\/","title":{"rendered":"O N\u00c1S"},"content":{"rendered":"\n<p>Na\u0161e firma byla zalo\u017eena v roce 1991. Zab\u00fdv\u00e1me se v\u00fdhradn\u011b ru\u010dn\u00ed v\u00fdrobou cukr\u00e1\u0159sk\u00fdch, peka\u0159sk\u00fdch a lah\u016fdk\u00e1\u0159sk\u00fdch v\u00fdrobk\u016f. Spolupracujeme pouze s profesion\u00e1ly dan\u00fdch obor\u016f, samoz\u0159ejmost\u00ed je dodr\u017eov\u00e1n\u00ed v\u0161ech hygienick\u00fdch a dal\u0161\u00edch norem, co\u017e spolu s modern\u00edm za\u0159\u00edzen\u00edm na\u0161ich v\u00fdroben garantuje kvalitu a \u010derstvost na\u0161\u00ed produkce. Nen\u00ed bez zaj\u00edmavosti, \u017ee na rozd\u00edl od v\u011bt\u0161iny dne\u0161n\u00edch v\u00fdrobc\u016f pou\u017e\u00edv\u00e1me stejn\u00e9 v\u00fdrobn\u00ed postupy, jak\u00e9 znaly ji\u017e na\u0161e babi\u010dky. Fin\u00e1ln\u00ed v\u00fdrobek je v\u00fdsledkem pr\u00e1ce cel\u00e9ho t\u00fdmu zam\u011bstnanc\u016f a mus\u00ed b\u00fdt chutn\u00fd, l\u00e1kav\u00e9ho vzhledu a n\u00e1padit\u00fd. V\u017edy\u0165 ka\u017ed\u00fd n\u00e1\u0161 v\u00fdrobek je origin\u00e1l a my tud\u00ed\u017e douf\u00e1me, \u017ee ka\u017ed\u00fd n\u00e1\u0161 z\u00e1kazn\u00edk je spokojen\u00fd z\u00e1kazn\u00edk.<\/p>\n\n\n\n<p>Firma je vlastn\u00edkem ochrann\u00e9 zn\u00e1mky&nbsp;<strong>Caf\u00e9 Beru\u0161ka a J\u00eddelna U Strejc\u016f.<\/strong><\/p>\n\n\n\n<p><\/p>\n","protected":false},"excerpt":{"rendered":"<p>Na\u0161e firma byla zalo\u017eena v roce 1991. Zab\u00fdv\u00e1me se v\u00fdhradn\u011b ru\u010dn\u00ed v\u00fdrobou cukr\u00e1\u0159sk\u00fdch, peka\u0159sk\u00fdch a lah\u016fdk\u00e1\u0159sk\u00fdch v\u00fdrobk\u016f. Spolupracujeme pouze s profesion\u00e1ly dan\u00fdch obor\u016f, samoz\u0159ejmost\u00ed je dodr\u017eov\u00e1n\u00ed v\u0161ech hygienick\u00fdch a dal\u0161\u00edch norem, co\u017e spolu s modern\u00edm za\u0159\u00edzen\u00edm na\u0161ich v\u00fdroben garantuje kvalitu a \u010derstvost na\u0161\u00ed produkce. Nen\u00ed bez zaj\u00edmavosti, \u017ee na rozd\u00edl od v\u011bt\u0161iny dne\u0161n\u00edch v\u00fdrobc\u016f pou\u017e\u00edv\u00e1me [&hellip;]<\/p>\n","protected":false},"author":1,"featured_media":0,"parent":0,"menu_order":0,"comment_status":"closed","ping_status":"closed","template":"","meta":{"_monsterinsights_skip_tracking":false,"_monsterinsights_sitenote_active":false,"_monsterinsights_sitenote_note":"","_monsterinsights_sitenote_category":0,"footnotes":""},"class_list":["post-31","page","type-page","status-publish","hentry"],"aioseo_notices":[],"_links":{"self":[{"href":"https:\/\/www.cafeberuska.cz\/index.php\/wp-json\/wp\/v2\/pages\/31","targetHints":{"allow":["GET"]}}],"collection":[{"href":"https:\/\/www.cafeberuska.cz\/index.php\/wp-json\/wp\/v2\/pages"}],"about":[{"href":"https:\/\/www.cafeberuska.cz\/index.php\/wp-json\/wp\/v2\/types\/page"}],"author":[{"embeddable":true,"href":"https:\/\/www.cafeberuska.cz\/index.php\/wp-json\/wp\/v2\/users\/1"}],"replies":[{"embeddable":true,"href":"https:\/\/www.cafeberuska.cz\/index.php\/wp-json\/wp\/v2\/comments?post=31"}],"version-history":[{"count":8,"href":"https:\/\/www.cafeberuska.cz\/index.php\/wp-json\/wp\/v2\/pages\/31\/revisions"}],"predecessor-version":[{"id":2962,"href":"https:\/\/www.cafeberuska.cz\/index.php\/wp-json\/wp\/v2\/pages\/31\/revisions\/2962"}],"wp:attachment":[{"href":"https:\/\/www.cafeberuska.cz\/index.php\/wp-json\/wp\/v2\/media?parent=31"}],"curies":[{"name":"wp","href":"https:\/\/api.w.org\/{rel}","templated":true}]}}

O NÁS

<p>Naše firma byla založena v roce 1991. Zabýváme se výhradně ruční výrobou cukrářských, pekařských a lahůdkářských výrobků. Spolupracujeme pouze s profesionály daných oborů, samozřejmostí je dodržování všech hygienických a dalších norem, což spolu s moderním zařízením našich výroben garantuje kvalitu a čerstvost naší produkce. Není bez zajímavosti, že na rozdíl od většiny dnešních výrobců používáme stejné výrobní postupy, jaké znaly již naše babičky. Finální výrobek je výsledkem práce celého týmu zaměstnanců a musí být chutný, lákavého vzhledu a nápaditý. Vždyť každý náš výrobek je originál a my tudíž doufáme, že každý náš zákazník je spokojený zákazník.</p>



<p>Firma je vlastníkem ochranné známky&nbsp;<strong>Café Beruška a Jídelna U Strejců.</strong></p>



<p></p>

<p>Naše firma byla založena v roce 1991. Zabýváme se výhradně ruční výrobou cukrářských, pekařských a lahůdkářských výrobků. Spolupracujeme pouze s profesionály daných oborů, samozřejmostí je dodržování všech hygienických a dalších norem, což spolu s moderním zařízením našich výroben garantuje kvalitu a čerstvost naší produkce. Není bez zajímavosti, že na rozdíl od většiny dnešních výrobců používáme [&hellip;]</p>
